of 26598?
6
What is the hundreds digit of 18967?
9
What is the tens digit of 720?
2
What is the tens digit of 684?
8
What is the units digit of 511?
1
What is the tens digit of 5899?
9
What is the thousands digit of 13213?
3
What is the hundreds digit of 27254?
2
What is the hundreds digit of 740?
7
What is the tens digit of 7461?
6
What is the units digit of 847?
7
What is the units digit of 42078?
8
What is the tens digit of 16793?
9
What is the tens digit of 302?
0
What is the units digit of 36097?
7
What is the hundreds digit of 2386?
3
What is the hundreds digit of 220?
2
What is the thousands digit of 2170?
2
What is the tens digit of 11280?
8
What is the thousands digit of 1473?
1
What is the hundreds digit of 9311?
3
What is the hundreds digit of 66988?
9
What is the units digit of 344?
4
What is the hundreds digit of 4848?
8
What is the hundred thousands digit of 162532?
1
What is the tens digit of 2769?
6
What is the hundreds digit of 2475?
4
What is the units digit of 1506?
6
What is the thousands digit of 29816?
9
What is the thousands digit of 12351?
2
What is the units digit of 36714?
4
What is the thousands digit of 2288?
2
What is the units digit of 156757?
7
What is the thousands digit of 54340?
4
What is the hundreds digit of 3113?
1
What is the units digit of 8902?
2
What is the thousands digit of 2031?
2
What is the tens digit of 5735?
3
What is the units digit of 1176?
6
What is the units digit of 43166?
6
What is the hundreds digit of 81279?
2
What is the hundreds digit of 104233?
2
What is the units digit of 696?
6
What is the units digit of 584?
4
What is the units digit of 1678?
8
What is the tens digit of 1036?
3
What is the tens digit of 47673?
7
What is the thousands digit of 16815?
6
What is the tens digit of 158397?
9
What is the ten thousands digit of 32212?
3
What is the units digit of 2210?
0
What is the thousands digit of 61231?
1
What is the tens digit of 4323?
2
What is the thousands digit of 42143?
2
What is the tens digit of 589?
8
What is the units digit of 26529?
9
What is the thousands digit of 5954?
5
What is the tens digit of 2493?
9
What is the tens digit of 714?
1
What is the hundreds digit of 18079?
0
What is the hundreds digit of 2734?
7
What is the hundreds digit of 285?
2
What is the tens digit of 8241?
4
What is the units digit of 3375?
5
What is the hundreds digit of 1524?
5
What is the hundreds digit of 1049?
0
What is the hundreds digit of 2456?
4
What is the tens digit of 3512?
1
What is the units digit of 9918?
8
What is the hundred thousands digit of 119306?
1
What is the hundreds digit of 835?
8
What is the hundreds digit of 89165?
1
What is the units digit of 34487?
7
What is the tens digit of 3961?
6
What is the hundred thousands digit of 162859?
1
What is the hundreds digit of 31625?
6
What is the units digit of 15506?
6
What is the units digit of 2515?
5
What is the hundreds digit of 14428?
4
What is the tens digit of 19396?
9
What is the thousands digit of 16600?
6
What is the units digit of 25804?
4
What is the thousands digit of 9575?
9
What is the hundreds digit of 22521?
5
What is the thousands digit of 106050?
6
What is the units digit of 6648?
8
What is the units digit of 2378?
8
What is the ten thousands digit of 11456?
1
What is the units digit of 2005?
5
What is the thousands digit of 1302?
1
What is the ten thousands digit of 15457?
1
What is the thousands digit of 30350?
0
What is the units digit of 29872?
2
What is the thousands digit of 15014?
5
What is the thousands digit of 3130?
3
What is the hundreds digit of 4817?
8
What is the units digit of 45834?
4
What is the hundreds digit of 97701?
7
What is the ten thousands digit of 40562?
4
What is the tens digit of 149?
4
What is the tens digit of 11?
1
What is the hundreds digit of 891?
8
What is the hundreds digit of 7761?
7
What is the hundreds digit of 4903?
9
What is the tens digit of 270?
7
What is the ten thousands digit of 78801?
7
What is the thousands digit of 1177?
1
What is the hundreds digit of 1388?
3
What is the ten thousands digit of 13918?
1
What is the hundreds digit of 10289?
2
What is the hundreds digit of 463?
4
What is the tens digit of 33392?
9
What is the units digit of 122720?
0
What is the units digit of 3575?
5
What is the hundreds digit of 907?
9
What is the tens digit of 61682?
8
What is the hundreds digit of 787?
7
What is the thousands digit of 2740?
2
What is the units digit of 4177?
7
What is the hundreds digit of 445?
4
What is the units digit of 614?
4
What is the ten thousands digit of 49702?
4
What is the hundreds digit of 454?
4
What is the hundreds digit of 1855?
8
What is the hundreds digit of 78252?
2
What is the ten thousands digit of 15898?
1
What is the units digit of 78839?
9
What is the thousands digit of 2311?
2
What is the units digit of 404?
4
What is the tens digit of 26959?
5
What is the hundred thousands digit of 203239?
2
What is the hundreds digit of 779?
7
What is the ten thousands digit of 31779?
3
What is the ten thousands digit of 87335?
8
What is the thousands digit of 6889?
6
What is the thousands digit of 84084?
4
What is the ten thousands digit of 13046?
1
What is the hundreds digit of 1397?
3
What is the ten thousands digit of 36199?
3
What is the thousands digit of 1455?
1
What is the tens digit of 12187?
8
What is the tens digit of 24634?
3
What is the units digit of 1260?
0
What is the tens digit of 592?
9
What is the hundreds digit of 2305?
3
What is the ten thousands digit of 153049?
5
What is the ten thousands digit of 18051?
1
What is the units digit of 3958?
8
What is the thousands digit of 6589?
6
What is the hundreds digit of 2819?
8
What is the hundreds digit of 865?
8
What is the units digit of 2000?
0
What is the units digit of 36172?
2
What is the ten thousands digit of 10189?
1
What is the hundreds digit of 2828?
8
What is the hundreds digit of 3713?
7
What is the units digit of 22177?
7
What is the units digit of 1726?
6
What is the hundreds digit of 29285?
2
What is the tens digit of 18360?
6
What is the hundreds digit of 5636?
6
What is the units digit of 65660?
0
What is the hundreds digit of 4229?
2
What is the ten thousands digit of 12943?
1
What is the units digit of 884?
4
What is the hundreds digit of 609?
6
What is the tens digit of 246?
4
What is the units digit of 2932?
2
What is the units digit of 971?
1
What is the tens digit of 1090?
9
What is the ten thousands digit of 15050?
1
What is the hundreds digit of 502?
5
What is the thousands digit of 51483?
1
What is the hundreds digit of 43908?
9
What is the tens digit of 2289?
8
What is the tens digit of 52674?
7
What is the hundreds digit of 3759?
7
What is the tens digit of 114274?
7
What is the units digit of 66479?
9
What is the units digit of 69370?
0
What is the ten thousands digit of 32168?
3
What is the units digit of 29607?
7
What is the hundreds digit of 2062?
0
What is the thousands digit of 3686?
3
What is the tens digit of 27421?
2
What is the tens digit of 2475?
7
What is the ten thousands digit of 17853?
1
What is the hundreds digit of 21717?
7
What is the ten thousands digit of 120754?
2
What is the tens digit of 2086?
8
What is the hundreds digit of 2558?
5
What is the tens digit of 109602?
0
What is the units digit of 1119?
9
What is the units digit of 23010?
0
What is the thousands digit of 2042?
2
What is the ten thousands digit of 29143?
2
What is the units digit of 7429?
9
What is the ten thousands digit of 13047?
1
What is the units digit of 561?
1
What is the units digit of 70261?
1
What is the hundreds digit of 314?
3
What is the hundreds digit of 877?
8
What is the thousands digit of 55128?
5
What is the units digit of 2646?
6
What is the tens digit of 3197?
9
What is the units digit of 9356?
6
What is the tens digit of 60801?
0
What is the tens digit of 1511?
1
What is the hundreds digit of 549?
5
What is the ten thousands digit of 15888?
1
What is the units digit of 965?
5
What is the hundreds digit of 646?
6
What is the units digit of 981?
1
What is the ten thousands digit of 15447?
1
What is the ten thousands digit of 46293?
4
What is the units digit of 1451?
1
What is the ten thousands digit of 30811?
3
What is the units digit of 132986?
6
What is 